4*y + 11 - 82 = -3*q, 21 = q - 2*y. Let b = q - j. Let x(w) = 2*w + 6. What is x(b)?
18
Let l(h) = -23 + 39*h - 42*h + 0 + 7 + 3. Give l(0).
-13
Let v be (2 - 0)/(1/1). Let s be 8/v - (4 - 72). Let c(u) = -76*u - s*u + 148*u - 14*u**3 - 1. Give c(-1).
13
Let f(c) = -c**2 - 5*c - 1. Suppose 2*x = 4*d - 1034, 51 = 3*d + 2*x - 721. Let r = d + -264. What is f(r)?
-7
Let s(d) = -d**3 + 14*d**2 + 15*d + 6. Let i(t) = -13*t + 171. Let b be i(12). Determine s(b).
6
Let j(b) = -29*b**3 + 57*b**2 - 29*b + 7. Let o(m) = 13*m**3 - 27*m**2 + 14*m - 3. Let d(n) = 6*j(n) + 13*o(n). Determine d(-3).
33
Let m(x) be the first derivative of x**6/120 + 2*x**5/15 + x**4/4 - x**3/3 + x**2/2 + 22*x + 89. Let n(g) be the second derivative of m(g). Determine n(-7).
5
Suppose 0 = -64*g + 58*g + 984. Let n(h) = g + 158 - 314 - 7*h + h**2. What is n(6)?
2
Suppose 4*b - 70 = 5*d, -12*d = 4*b - 7*d - 10. Let s(i) = i**3 - 14*i**2 + 39*i + 8. What is s(b)?
-2
Let w(s) be the third derivative of s**5/120 - s**4/12 + 55*s**3/6 - 5*s**2 + 7*s. Let p(t) be the first derivative of w(t). Let m = 1 - -2. Determine p(m).
1
Let u = 619 - 614. Let z(h) = 2*h**2 - 16*h. Give z(u).
-30
Suppose s - 150 = -4*n - 4*s, -n - 4*s = -32. Let h = n + -54. Let x be (-9)/(-6) + 21/h. Let p(a) = a**3 + 2. What is p(x)?
2
Let t(l) = -2*l**3 - 12*l**2 - 12*l - 12. Let w be 48/(-9) - (-13)/39. Calculate t(w).
-2
Let b(c) = 15*c - 55. Let g(v) = -v**2 + 39*v - 356. Let d be g(24). Determine b(d).
5
Suppose 0 = 72*z - 88 - 200. Let g(v) = 259 + v**2 - 259 - 2*v. What is g(z)?
8
Let r(y) = 9*y + 2*y**2 + 14 - 2*y**2 - y**2. Let w be (6 - 120/16)*44/6*-1. Calculate r(w).
-8
Let y = -83 - -126. Let x(q) = 7*q - 18 - 21 + y. Calculate x(-3).
-17
Let t(b) = b**3 - 5*b**2 + 5*b - 11. Let y be t(5). Let n(r) = -y - 1 + 17 - 5*r. Determine n(4).
-18
Let z(k) be the second derivative of k**5/20 - 2*k**4/3 + 4*k**3/3 - 25*k**2/2 + 5*k - 37. Determine z(7).
-18
Suppose -321*x = -588*x + 303*x - 72. Let o(z) = 4*z - 3*z**2 - z + 1 - 2*z + 2*z**3. What is o(x)?
7
Let r(f) = -10*f - 4. Let j(o) = 21*o + 7. Let w(m) = 3*j(m) + 5*r(m). What is w(1)?
14
Suppose 2*d = 3*d + 1, -3*m + d = -7. Let f be 18/4*66/99. Suppose m*g + f = 15. Let r(p) = p - 9. What is r(g)?
-3
Let a(w) = -15*w**2 - 15*w - 40. Let v(q) = -7*q**2 + q + 3. Let c(s) = a(s) - 2*v(s). Determine c(-4).
6
Let v(c) be the third derivative of -c**4/6 + c**3/6 + 5*c**2. Let t(z) = z**3 + 4*z**2 - 11*z. Suppose 3*b = -18 - 0. Let n be t(b). Calculate v(n).
25
Let n(x) = -4*x**3 - 3*x + 8. Let z be n(2). Let s be ((-4)/12)/((-5)/z). Let t(y) = -2*y**3 - 4*y**2 - 4*y - 2. What is t(s)?
6
Let w = -765 - -891. Let f(u) = u - u - u - 52 + w - 63. What is f(0)?
11
Let h(p) = 4 - 3*p + 5 + 6*p. Suppose -692*k = 7*k + 4194. What is h(k)?
-9
Let h(c) = c**3 - 18*c**2 + 18*c - 23. Let f(o) = -2*o + 11. Let m = 509 + -512. Let j be f(m). Determine h(j).
-6
Let p(o) = -o**2 - 13*o - 23. Suppose 4*b - 26 = 11*q - 16*q, 4*b - 6 = 5*q. Suppose -81 = 7*i - b. Give p(i).
-1
Suppose 3*u - 4*x = -0*x + 29, 5*u + x - 10 = 0. Let c(d) = -3 + 7*d - 4 + u + d + 1. Determine c(1).
5
Let v(y) = y**2 - 10*y + 26. Let o be v(4). Let w(a) = -o*a - 2*a - 4753 + 4754 + 3*a. What is w(8)?
-7
Let i = 7 - 6. Let o(h) = 3 - 3 + 0*h**2 + i - 4*h - 2*h**2. Let q(z) = 616*z - 8627. Let p be q(14). Calculate o(p).
-5
Let h be (-2 - -3)/((-101)/17 - -6). Let q(o) = 20*o**2 - 18*o + 12. Let u(n) = 7*n**2 - 6*n + 4. Let c(j) = h*u(j) - 6*q(j). Calculate c(6).
-4
Let l(n) = n**3 + 2*n**2 - 5*n + 3. Suppose 10*g = 16*g + 12. Let h be (-1 + -4 + 9)/(g/2). What is l(h)?
-9
Let c(y) = -60*y - 4. Let d(r) = 186*r + 13. Let g(u) = -10*c(u) - 3*d(u). Determine g(-1).
-41
Let u(p) = -p**2 + 20*p + 7. Suppose 6*t = z + 10*t + 10, 5*z + 7*t = 28. Determine u(z).
91
Let w(d) = 342*d + 716. Let k(c) = 131*c + 357. Let y(n) = -5*k(n) + 2*w(n). Determine y(12).
-5
Let r(y) = -y**2 - 10*y. Let w(i) = -10*i + 11. Let h(z) = -z**2 - 7*z + 10. Suppose -c + 64 = -9*c. Let q be h(c). Let d be w(q). Give r(d).
9
Let n(h) = 9*h**3 - 30*h**3 + h + 4*h**2 + h**2 + 10*h**3 + 12*h**3. Determine n(-4).
12
Let b(y) = 95*y - 35. Let s(m) = 8*m - 3. Let v be 0 - ((-5)/(-15) + (-422)/6). Suppose -f + 64 = v. Let x(h) = f*b(h) + 70*s(h). What is x(1)?
-10
Let i = -327 + 330. Let d(t) = t**3 - 4*t**2 + 5*t - 10. Let n be d(i). Let a(m) be the first derivative of m**4/4 + m**3 - 3*m**2/2 - 4*m - 1. Determine a(n).
-8
Let i(v) = -18*v - 9. Let s(a) = -16*a + 5. Let m(w) = 4*i(w) - 5*s(w). Calculate m(7).
-5
Let r(q) = 575*q - 15527. Let z be r(27). Let c = 7 + -6. Let o(k) = -8 + c - k + 3. Calculate o(z).
-2
Let m(o) = 5*o - 1. Suppose -4*w + 2*d = -578, 0 = -0*d - 2*d + 10. Let c = -1046 - -1049. Let x be (c/(w/14))/((-1)/(-7)). Calculate m(x).
9
Let h(g) = 58*g**2 + 51*g - 59. Let m(o) = 10*o**2 + 9*o - 10. Let a(j) = 4*h(j) - 23*m(j). Let r(i) = -i + 10. Let k be r(6). Determine a(k).
14
Let v(b) = -b**3 - 30*b**2 + 3*b + 83. Suppose -13*m - 362 = 129 - 101. Calculate v(m).
-7
Let t be (4 + 0)*(-38)/4. Let o = t + 41. Let w(j) = 5 + 5*j**2 - 8*j**2 - j**2 + 3*j**3 - 2*j**o. Give w(4).
5
Let l(r) be the first derivative of -r**2/2 + r + 213. Let t be 7*12*5/(-70). What is l(t)?
7
Suppose -r = 10*r - 484. Let i be (-2)/10 + r/20. Let h(c) = 18*c + 2*c**2 - 17*c - 4 + 3*c**3 - c**i - 2*c**3. What is h(0)?
-4
Let v(g) be the third derivative of g**4/8 - 5*g**3/6 + 5*g**2 + 27. Suppose -30*x + 25*x = -10. Calculate v(x).
1
Suppose 3*g - 96 = -29*g. Let n(u) be the first derivative of -g*u + 18 - 7/2*u**2. Give n(-2).
11
Suppose u - 3*u = 3*i - 4, 3*i - u = 7. Let t(n) = 2676*n**2 - i + 4 + 4*n - 2677*n**2 + 0. Let r(s) = -2*s**3 - 3*s**2 + 1. Let p be r(-2). Determine t(p).
-3
Let y(u) = -u**3 + 2*u**2 + 4*u + 1. Let x(b) = 2*b - 14. Suppose 0 = g + v + 3 + 1, 2*g - 3*v = -28. Let p be x(g). Let k = -27 - p. Calculate y(k).
4
Let l = -10 - -10. Let r(z) = -6 + l + 4 + 0*z**2 - 5*z - 2*z**2. Let p(d) = -d**3 - 16*d**2 + 36*d - 3. Let k be p(-18). Calculate r(k).
-5
Let x = 10658 - 10655. Let v(b) be the first derivative of -1/3*b**x - 1/2*b**2 - 28 - 15*b. Give v(0).
-15
Let k = 5458 - 5449. Let t(j) be the first derivative of 0*j - 3*j**2 - k + 1/3*j**3. What is t(7)?
7
Let n(p) = 4*p - 6. Let i(l) = 4*l - 7. Let t(g) = 5*i(g) - 6*n(g). Suppose y - 11*u + 10*u + 5 = 0, -5*y = -u + 13. Determine t(y).
9
Let b(q) = 119*q**2 + 24*q - 243 - 128*q**2 - q**3 + 251. What is b(-11)?
-14
Let v(s) be the first derivative of -s**3/3 + s**2 - s - 7068. Suppose -9 = n - 4*n. What is v(n)?
-4
Let x(s) be the third derivative of s**5/60 + 5*s**4/12 + 5*s**3/3 - 426*s**2 + 4*s. Determine x(-10).
10
Let p be ((-3)/1)/(8/16). Let m(v) = -v**2 - 7*v + 8. Let n(f) = -f**2 - 7*f + 6. Let x(u) = -5*m(u) + 6*n(u). Determine x(p).
2
Suppose -2*y - 5*p - 28 = 0, -3*p + 5*p = -8. Let g be 0/(2/y*-6). Let m(s) be the first derivative of s**4/4 + s - 681. Give m(g).
1
Let k(l) = -l**2 - 8*l + 13. Suppose -9 = -6*p + 15. Suppose -n = 2*v + 4*n - 21, 24 = p*v + 4*n. Suppose -26 = v*x + z, -3*z = 5*x - 33 + 75. What is k(x)?
4
Let w(o) = 2*o - 16. Let d(f) = 2*f**2 + 57*f + 17. Let l(m) = -3*m**2 - 85*m - 25. Let s(i) = 8*d(i) + 5*l(i). Let x be s(-31). Give w(x).
6
Let r(m) = m - 23. Let s(u) = -u**2 - 17*u - 30. Let z be s(-15). Let w(d) = -3*d + 17. Let t be w(z). Suppose -t*c + 5*c = 0. Give r(c).
-23
Let l(q) = -5*q**2 - 23*q + 12. Let o be l(-5). Let c(n) = 2*n - n**3 + 0*n**o - 6311 + 6308 + n**2. Give c(2).
-3
Suppose 4*x - 12 + 8 = 0. Let b(v) = 3*v**3 - v + 2. Let s(g) = -g**3 - g**2 + 2*g - 3. Let a(k) = 2*b(k) + s(k). Calculate a(x).
5
Suppose 88*d - 391 + 215 = 0. Let z(k) = 19*k**2 - 4*k - 6. Give z(d).
62
Suppose 125 = 5*v + 4*j, -3*v + 0*v - 4*j + 83 = 0. Let n = v + -20. Let c(a) be the first derivative of 23*a**4/4 - a**3/3 + a - 31. Calculate c(n).
23
Let j(m) = 6*m**3 - 9*m**2 - 31*m - 21. Let v(p) = p**3 - 2*p**2 - 6*p - 4. Let c(i) = 2*j(i) - 11*v(i). Let r be (-24)/(18/(-6)) - 11. Give c(r).
-1
Let y(a) = -87*a**3 + 39*a**2 - 31*a - 166. Let b(c) = -62*c**3 + 26*c**2 - 21*c - 110. Let x(h) = 7*b(h) - 5*y(h). Determine x(12).
12
Let d(q) be the second derivative of -q**4/12 - 3*q**3/2 + 9*q**2 - 1752*q + 2. Calculate d(-11).
-4
Suppose